{"id":2423,"date":"2024-02-27T18:53:06","date_gmt":"2024-02-27T18:53:06","guid":{"rendered":"https:\/\/www.cvjm-stgeorgen.de\/cvjm_stg\/?page_id=2423"},"modified":"2026-02-10T21:17:24","modified_gmt":"2026-02-10T21:17:24","slug":"hauptamtliche-angestellte","status":"publish","type":"page","link":"https:\/\/www.cvjm-stgeorgen.de\/cvjm_stg\/?page_id=2423","title":{"rendered":"Hauptamtliche Angestellte"},"content":{"rendered":"\n<p>Unsere hauptamtlich Angestellte wird auch CVJM Sekret\u00e4rin genannt. Sie ist schwerpunktm\u00e4\u00dfig f\u00fcr die Planung und Umsetzung unsere Kinder- und Jugendarbeit angestellt. <\/p>\n\n\n\n<p>Die Vollzeitstelle wird haupts\u00e4chlich durch Spenden, Mitgliederbeitr\u00e4ge, Flohm\u00e4rkte und Zusch\u00fcsse der Kirchengemeinde finanziert.<\/p>\n\n\n\n<p>CVJM Sekret\u00e4rin : Samantha Lehmann<\/p>\n\n\n\n<p>Handy: 01515-1811377<\/p>\n\n\n\n<p>E-Mail: <a href=\"mailto:samantha@cvjm-stgeorgen.de\">samantha@cvjm-stgeorgen.de<\/a><\/p>\n\n\n\n<p>B\u00fcro: Hauptstr. 27a, 78112 St.Georgen, Tel.: 07724-5647, Fax: 07724-859744<\/p>\n\n\n\n<figure class=\"wp-block-image size-full\"><a href=\"https:\/\/www.cvjm-stgeorgen.de\/cvjm_stg\/wp-content\/uploads\/2022\/06\/Samantha-Passbild.jpg\"><img loading=\"lazy\" decoding=\"async\" width=\"360\" height=\"480\" src=\"https:\/\/www.cvjm-stgeorgen.de\/cvjm_stg\/wp-content\/uploads\/2022\/06\/Samantha-Passbild.jpg\" alt=\"\" class=\"wp-image-2132\" srcset=\"https:\/\/www.cvjm-stgeorgen.de\/cvjm_stg\/wp-content\/uploads\/2022\/06\/Samantha-Passbild.jpg 360w, https:\/\/www.cvjm-stgeorgen.de\/cvjm_stg\/wp-content\/uploads\/2022\/06\/Samantha-Passbild-225x300.jpg 225w\" sizes=\"auto, (max-width: 360px) 100vw, 360px\" \/><\/a><\/figure>\n\n\n<h4>\u00a0<\/h4>\n<h4><strong>Neue Stelle<\/strong><\/h4>\n<p>F\u00fcr das neue Jahr wollen wir einen mutigen Schritt gehen und eine zus\u00e4tzliche, zun\u00e4chst auf ein Jahr befristete, Stelle im rahmen einer geringf\u00fcgigen Besch\u00e4ftigung schaffen. Wir m\u00f6chten ganz konkret im Bereich Jugend unsere Arbeit neu aufstellen um noch mehr Jugendliche mit unseren Angeboten zu erreichen. im Moment sind wir dabei das Ganze mit einer neuen Konzeption auf ein gutes Fundament zu stellen.<\/p>\n<p>Dankbar sind wir, dass Philipp R\u00f6ttele ein ehemaliger ehrenamtlicher Mitarbeiter zur\u00fcck nach St.Georgen gekommen ist, der mit uns gemeinsam diesen Weg gehen m\u00f6chte. Offiziell wird er am 01.01.26 bei uns anfangen. Wir sehen gro\u00dfes Potenzial mit Samantha und Philipp neue Wege gehen zu d\u00fcrfen und m\u00f6chten ganz bewusst jetzt in die Zukunft unserer Jugendlichen investieren und sind gespannt, welche Wege Gott mit uns geht.<\/p>\n<p><a href=\"https:\/\/www.cvjm-stgeorgen.de\/cvjm_stg\/wp-content\/uploads\/2025\/12\/IMG_0277-1-1-scaled.jpg\"><img loading=\"lazy\" decoding=\"async\" class=\"alignnone size-medium wp-image-2888 alignleft\" src=\"https:\/\/www.cvjm-stgeorgen.de\/cvjm_stg\/wp-content\/uploads\/2025\/12\/IMG_0277-1-1-225x300.jpg\" alt=\"\" width=\"225\" height=\"300\" srcset=\"https:\/\/www.cvjm-stgeorgen.de\/cvjm_stg\/wp-content\/uploads\/2025\/12\/IMG_0277-1-1-225x300.jpg 225w, https:\/\/www.cvjm-stgeorgen.de\/cvjm_stg\/wp-content\/uploads\/2025\/12\/IMG_0277-1-1-768x1024.jpg 768w, https:\/\/www.cvjm-stgeorgen.de\/cvjm_stg\/wp-content\/uploads\/2025\/12\/IMG_0277-1-1-1152x1536.jpg 1152w, https:\/\/www.cvjm-stgeorgen.de\/cvjm_stg\/wp-content\/uploads\/2025\/12\/IMG_0277-1-1-1536x2048.jpg 1536w, https:\/\/www.cvjm-stgeorgen.de\/cvjm_stg\/wp-content\/uploads\/2025\/12\/IMG_0277-1-1-1320x1760.jpg 1320w, https:\/\/www.cvjm-stgeorgen.de\/cvjm_stg\/wp-content\/uploads\/2025\/12\/IMG_0277-1-1-scaled.jpg 1920w\" sizes=\"auto, (max-width: 225px) 100vw, 225px\" \/><\/a><\/p>\n<p><strong>Philipp R\u00f6ttele\u00a0<\/strong><\/p>\n<p>Mit meiner Frau Anna und unserem einj\u00e4hrigen Sohn bin ich vor kurzem wieder nach St.Georgen gezogen.\u00a0 Das f\u00fchlt sich ein bisschen an wie Heim komme, weil ich jetzt, nach 5 Jahren in Frankfurt, wieder Teil des CVJM St.Georgen sein werde. Neben meinem Theologiestudium werde ich ab Januar im Rahmen eines Minijobs im CVJM die Jugendarbeit unterst\u00fctzen und mitgestalten.<\/p>\n<p>Mein Wunsch ist es, dass Jugendliche und junge Erwachsene in ihrer Beziehung zu Gott wachsen, innerlich heil und reif werden und in den Fu\u00dfstapfen von Jesus ihr Leben gestalten. Ich freue mich auf die Konfis und Jugendlichen und auf die Zusammenarbeit mit den vielen Mitarbeitern im CVJM St.Georgen.<\/p>\n<p>E-Mail: <a href=\"philipp@cvjm-stgeorgen.de\">philipp@cvjm-stgeorgen.de<\/a><\/p>\n\n\n<p><\/p>\n","protected":false},"excerpt":{"rendered":"<p>Unsere hauptamtlich Angestellte wird auch CVJM Sekret\u00e4rin genannt. Sie ist schwerpunktm\u00e4\u00dfig f\u00fcr die Planung und Umsetzung unsere Kinder- und Jugendarbeit<\/p>\n","protected":false},"author":12,"featured_media":0,"parent":380,"menu_order":0,"comment_status":"closed","ping_status":"closed","template":"","meta":{"footnotes":""},"class_list":["post-2423","page","type-page","status-publish","hentry"],"_links":{"self":[{"href":"https:\/\/www.cvjm-stgeorgen.de\/cvjm_stg\/index.php?rest_route=\/wp\/v2\/pages\/2423","targetHints":{"allow":["GET"]}}],"collection":[{"href":"https:\/\/www.cvjm-stgeorgen.de\/cvjm_stg\/index.php?rest_route=\/wp\/v2\/pages"}],"about":[{"href":"https:\/\/www.cvjm-stgeorgen.de\/cvjm_stg\/index.php?rest_route=\/wp\/v2\/types\/page"}],"author":[{"embeddable":true,"href":"https:\/\/www.cvjm-stgeorgen.de\/cvjm_stg\/index.php?rest_route=\/wp\/v2\/users\/12"}],"replies":[{"embeddable":true,"href":"https:\/\/www.cvjm-stgeorgen.de\/cvjm_stg\/index.php?rest_route=%2Fwp%2Fv2%2Fcomments&post=2423"}],"version-history":[{"count":20,"href":"https:\/\/www.cvjm-stgeorgen.de\/cvjm_stg\/index.php?rest_route=\/wp\/v2\/pages\/2423\/revisions"}],"predecessor-version":[{"id":2960,"href":"https:\/\/www.cvjm-stgeorgen.de\/cvjm_stg\/index.php?rest_route=\/wp\/v2\/pages\/2423\/revisions\/2960"}],"up":[{"embeddable":true,"href":"https:\/\/www.cvjm-stgeorgen.de\/cvjm_stg\/index.php?rest_route=\/wp\/v2\/pages\/380"}],"wp:attachment":[{"href":"https:\/\/www.cvjm-stgeorgen.de\/cvjm_stg\/index.php?rest_route=%2Fwp%2Fv2%2Fmedia&parent=2423"}],"curies":[{"name":"wp","href":"https:\/\/api.w.org\/{rel}","templated":true}]}}

<p>Unsere hauptamtlich Angestellte wird auch CVJM Sekretärin genannt. Sie ist schwerpunktmäßig für die Planung und Umsetzung unsere Kinder- und Jugendarbeit angestellt. </p>



<p>Die Vollzeitstelle wird hauptsächlich durch Spenden, Mitgliederbeiträge, Flohmärkte und Zuschüsse der Kirchengemeinde finanziert.</p>



<p>CVJM Sekretärin : Samantha Lehmann</p>



<p>Handy: 01515-1811377</p>



<p>E-Mail: <a href="mailto:samantha@cvjm-stgeorgen.de">samantha@cvjm-stgeorgen.de</a></p>



<p>Büro: Hauptstr. 27a, 78112 St.Georgen, Tel.: 07724-5647, Fax: 07724-859744</p>



<figure class="wp-block-image size-full"><a href="https://www.cvjm-stgeorgen.de/cvjm_stg/wp-content/uploads/2022/06/Samantha-Passbild.jpg"><img loading="lazy" decoding="async" width="360" height="480" src="https://www.cvjm-stgeorgen.de/cvjm_stg/wp-content/uploads/2022/06/Samantha-Passbild.jpg" alt="" class="wp-image-2132" srcset="https://www.cvjm-stgeorgen.de/cvjm_stg/wp-content/uploads/2022/06/Samantha-Passbild.jpg 360w, https://www.cvjm-stgeorgen.de/cvjm_stg/wp-content/uploads/2022/06/Samantha-Passbild-225x300.jpg 225w" sizes="auto, (max-width: 360px) 100vw, 360px" /></a></figure>


<h4> </h4>
<h4><strong>Neue Stelle</strong></h4>
<p>Für das neue Jahr wollen wir einen mutigen Schritt gehen und eine zusätzliche, zunächst auf ein Jahr befristete, Stelle im rahmen einer geringfügigen Beschäftigung schaffen. Wir möchten ganz konkret im Bereich Jugend unsere Arbeit neu aufstellen um noch mehr Jugendliche mit unseren Angeboten zu erreichen. im Moment sind wir dabei das Ganze mit einer neuen Konzeption auf ein gutes Fundament zu stellen.</p>
<p>Dankbar sind wir, dass Philipp Röttele ein ehemaliger ehrenamtlicher Mitarbeiter zurück nach St.Georgen gekommen ist, der mit uns gemeinsam diesen Weg gehen möchte. Offiziell wird er am 01.01.26 bei uns anfangen. Wir sehen großes Potenzial mit Samantha und Philipp neue Wege gehen zu dürfen und möchten ganz bewusst jetzt in die Zukunft unserer Jugendlichen investieren und sind gespannt, welche Wege Gott mit uns geht.</p>
<p><a href="https://www.cvjm-stgeorgen.de/cvjm_stg/wp-content/uploads/2025/12/IMG_0277-1-1-scaled.jpg"><img loading="lazy" decoding="async" class="alignnone size-medium wp-image-2888 alignleft" src="https://www.cvjm-stgeorgen.de/cvjm_stg/wp-content/uploads/2025/12/IMG_0277-1-1-225x300.jpg" alt="" width="225" height="300" srcset="https://www.cvjm-stgeorgen.de/cvjm_stg/wp-content/uploads/2025/12/IMG_0277-1-1-225x300.jpg 225w, https://www.cvjm-stgeorgen.de/cvjm_stg/wp-content/uploads/2025/12/IMG_0277-1-1-768x1024.jpg 768w, https://www.cvjm-stgeorgen.de/cvjm_stg/wp-content/uploads/2025/12/IMG_0277-1-1-1152x1536.jpg 1152w, https://www.cvjm-stgeorgen.de/cvjm_stg/wp-content/uploads/2025/12/IMG_0277-1-1-1536x2048.jpg 1536w, https://www.cvjm-stgeorgen.de/cvjm_stg/wp-content/uploads/2025/12/IMG_0277-1-1-1320x1760.jpg 1320w, https://www.cvjm-stgeorgen.de/cvjm_stg/wp-content/uploads/2025/12/IMG_0277-1-1-scaled.jpg 1920w" sizes="auto, (max-width: 225px) 100vw, 225px" /></a></p>
<p><strong>Philipp Röttele </strong></p>
<p>Mit meiner Frau Anna und unserem einjährigen Sohn bin ich vor kurzem wieder nach St.Georgen gezogen.  Das fühlt sich ein bisschen an wie Heim komme, weil ich jetzt, nach 5 Jahren in Frankfurt, wieder Teil des CVJM St.Georgen sein werde. Neben meinem Theologiestudium werde ich ab Januar im Rahmen eines Minijobs im CVJM die Jugendarbeit unterstützen und mitgestalten.</p>
<p>Mein Wunsch ist es, dass Jugendliche und junge Erwachsene in ihrer Beziehung zu Gott wachsen, innerlich heil und reif werden und in den Fußstapfen von Jesus ihr Leben gestalten. Ich freue mich auf die Konfis und Jugendlichen und auf die Zusammenarbeit mit den vielen Mitarbeitern im CVJM St.Georgen.</p>
<p>E-Mail: <a href="philipp@cvjm-stgeorgen.de">philipp@cvjm-stgeorgen.de</a></p>


<p></p>

<p>Unsere hauptamtlich Angestellte wird auch CVJM Sekretärin genannt. Sie ist schwerpunktmäßig für die Planung und Umsetzung unsere Kinder- und Jugendarbeit</p>
