{"id":2436,"date":"2024-02-27T19:01:01","date_gmt":"2024-02-27T19:01:01","guid":{"rendered":"https:\/\/www.cvjm-stgeorgen.de\/cvjm_stg\/?page_id=2436"},"modified":"2024-02-27T19:42:03","modified_gmt":"2024-02-27T19:42:03","slug":"sind-teil-von","status":"publish","type":"page","link":"https:\/\/www.cvjm-stgeorgen.de\/cvjm_stg\/?page_id=2436","title":{"rendered":"&#8230; sind Teil von"},"content":{"rendered":"\n<p>&#8230; etwas viel Gr\u00f6\u00dferem:<\/p>\n\n\n\n<p>Wir geh\u00f6ren zu der weltweiten Gemeinschaft derer, die an Jesus Christus glauben.<\/p>\n\n\n\n<p>Wir sind Teil der Kirchengemeinde St. Georgen-Tennenbronn, von der wir f\u00fcr die Predigtbezirke Johannes und Lorenz mit der Kinder- und Jugendarbeit beauftragt sind: <a href=\"https:\/\/eki-sagte.de\/\">https:\/\/eki-sagte.de<\/a><\/p>\n\n\n\n<p>Wir sind Teil des Landesverbandes CVJM Baden: <a href=\"https:\/\/www.cvjmbaden.de\/\">https:\/\/www.cvjmbaden.de<\/a><\/p>\n\n\n\n<p>\u00dcbergeordnet gibt es noch den CVJM Deutschland: <a href=\"https:\/\/www.cvjm.de\">https:\/\/www.cvjm.de<\/a><\/p>\n","protected":false},"excerpt":{"rendered":"<p>&#8230; etwas viel Gr\u00f6\u00dferem: Wir geh\u00f6ren zu der weltweiten Gemeinschaft derer, die an Jesus Christus glauben. Wir sind Teil der<\/p>\n","protected":false},"author":12,"featured_media":0,"parent":380,"menu_order":0,"comment_status":"closed","ping_status":"closed","template":"","meta":{"footnotes":""},"class_list":["post-2436","page","type-page","status-publish","hentry"],"_links":{"self":[{"href":"https:\/\/www.cvjm-stgeorgen.de\/cvjm_stg\/index.php?rest_route=\/wp\/v2\/pages\/2436","targetHints":{"allow":["GET"]}}],"collection":[{"href":"https:\/\/www.cvjm-stgeorgen.de\/cvjm_stg\/index.php?rest_route=\/wp\/v2\/pages"}],"about":[{"href":"https:\/\/www.cvjm-stgeorgen.de\/cvjm_stg\/index.php?rest_route=\/wp\/v2\/types\/page"}],"author":[{"embeddable":true,"href":"https:\/\/www.cvjm-stgeorgen.de\/cvjm_stg\/index.php?rest_route=\/wp\/v2\/users\/12"}],"replies":[{"embeddable":true,"href":"https:\/\/www.cvjm-stgeorgen.de\/cvjm_stg\/index.php?rest_route=%2Fwp%2Fv2%2Fcomments&post=2436"}],"version-history":[{"count":2,"href":"https:\/\/www.cvjm-stgeorgen.de\/cvjm_stg\/index.php?rest_route=\/wp\/v2\/pages\/2436\/revisions"}],"predecessor-version":[{"id":2454,"href":"https:\/\/www.cvjm-stgeorgen.de\/cvjm_stg\/index.php?rest_route=\/wp\/v2\/pages\/2436\/revisions\/2454"}],"up":[{"embeddable":true,"href":"https:\/\/www.cvjm-stgeorgen.de\/cvjm_stg\/index.php?rest_route=\/wp\/v2\/pages\/380"}],"wp:attachment":[{"href":"https:\/\/www.cvjm-stgeorgen.de\/cvjm_stg\/index.php?rest_route=%2Fwp%2Fv2%2Fmedia&parent=2436"}],"curies":[{"name":"wp","href":"https:\/\/api.w.org\/{rel}","templated":true}]}}

<p>&#8230; etwas viel Größerem:</p>



<p>Wir gehören zu der weltweiten Gemeinschaft derer, die an Jesus Christus glauben.</p>



<p>Wir sind Teil der Kirchengemeinde St. Georgen-Tennenbronn, von der wir für die Predigtbezirke Johannes und Lorenz mit der Kinder- und Jugendarbeit beauftragt sind: <a href="https://eki-sagte.de/">https://eki-sagte.de</a></p>



<p>Wir sind Teil des Landesverbandes CVJM Baden: <a href="https://www.cvjmbaden.de/">https://www.cvjmbaden.de</a></p>



<p>Übergeordnet gibt es noch den CVJM Deutschland: <a href="https://www.cvjm.de">https://www.cvjm.de</a></p>

<p>&#8230; etwas viel Größerem: Wir gehören zu der weltweiten Gemeinschaft derer, die an Jesus Christus glauben. Wir sind Teil der</p>
