{"id":30,"date":"2011-04-02T18:32:17","date_gmt":"2011-04-02T18:32:17","guid":{"rendered":"http:\/\/www.cvjm-stgeorgen.de\/cvjm_stg\/?page_id=30"},"modified":"2025-12-23T13:55:56","modified_gmt":"2025-12-23T13:55:56","slug":"jugendkreise","status":"publish","type":"page","link":"https:\/\/www.cvjm-stgeorgen.de\/cvjm_stg\/?page_id=30","title":{"rendered":"Jugendkreise"},"content":{"rendered":"<p><strong>Seekers:<\/strong><\/p>\n<p>Die Seekers sind ein wesentlicher Kern unserer Arbeit. 10-15 Jugendliche ab 13 Jahren und junge Erwachsene treffen sich jede Woche Dienstag zwischen 17.30 und 21.00 Uhr in den CVJM-R\u00e4umen im ev. Pfarrhaus der Lorenzgemeinde (Hauptstr. 27a).<\/p>\n<p>Seekers essen, reden, spielen, machen Musik, haben Spa\u00df zusammen. Sie pflegen eine wertsch\u00e4tzende Atmosph\u00e4re, in der jeder willkommen ist. Sie behandeln Themen aus unserem Alltag, der Bibel und reden dar\u00fcber, wie beides miteinander zusammenh\u00e4ngt.<\/p>\n<p>Besondere Highlights sind die j\u00e4hrliche Wochenendfreizeit in unserem gemeindeeigenen Freizeitheim Wei\u00dfloch und die j\u00e4hrliche WG, in der eine normal Schul- und Arbeitswoche in Gemeinder\u00e4umen rund um die Uhr miteinander gelebt wird.<\/p>\n<p>Andi Wintermantel und Samantha Lehmann gestalten das Programm.<\/p>\n<p><strong>Bibellesegruppe:<\/strong><\/p>\n<p>Andreas Wintermantel bietet unseren Jugendlichen am Donnerstag die M\u00f6glichkeit gemeinsam in der Bibel zu lesen. Die Gruppe trifft sich alle <strong>zwei<\/strong> Wochen um 19.00 Uhr f\u00fcr ca. eine Stunde .<\/p>\n<p><strong>M\u00e4delskreis:<\/strong><\/p>\n<p>In denn Wochen <strong>dazwischen<\/strong> trifft sich der M\u00e4delskreis nun Donnerstags um 18.00 bis 20.30 Uhr. Samantha Lehmann gestaltet ein Programm mit kreativen Angeboten, viel Zeit zum Quatschen und bereiten kurze Themeneinheiten speziell f\u00fcr M\u00e4dels und junge Frauen vor.<\/p>\n<p><strong>In Planung:<\/strong><\/p>\n<p>Alle 2-3 Wochen samstags wollen wir Jugendlichen zwischen 14 und 16 Jahren zu einem <strong>offenen Angebot<\/strong> mit Gemeinschaft, Essen, Spielen und einem kurzen Impuls einladen.<\/p>\n<p><strong>Unsere Angebote finden in der Regel im ev. Pfarrhaus in der Hauptstr. 27 a statt.<\/strong><\/p>\n<p>Bei Interesse bitte zu Samantha Lehmann <strong>Kontakt<\/strong> aufnehmen:<\/p>\n<p>Handy: 01515-1811377<\/p>\n<p>E-Mail: <a href=\"mailto:samantha@cvjm-stgeorgen.de\">samantha@cvjm-stgeorgen.de<\/a><\/p>\n\n\n<p><\/p>\n","protected":false},"excerpt":{"rendered":"<p>Seekers: Die Seekers sind ein wesentlicher Kern unserer Arbeit. 10-15 Jugendliche ab 13 Jahren und junge Erwachsene treffen sich jede<\/p>\n","protected":false},"author":12,"featured_media":0,"parent":25,"menu_order":0,"comment_status":"open","ping_status":"open","template":"","meta":{"footnotes":""},"class_list":["post-30","page","type-page","status-publish","hentry"],"_links":{"self":[{"href":"https:\/\/www.cvjm-stgeorgen.de\/cvjm_stg\/index.php?rest_route=\/wp\/v2\/pages\/30","targetHints":{"allow":["GET"]}}],"collection":[{"href":"https:\/\/www.cvjm-stgeorgen.de\/cvjm_stg\/index.php?rest_route=\/wp\/v2\/pages"}],"about":[{"href":"https:\/\/www.cvjm-stgeorgen.de\/cvjm_stg\/index.php?rest_route=\/wp\/v2\/types\/page"}],"author":[{"embeddable":true,"href":"https:\/\/www.cvjm-stgeorgen.de\/cvjm_stg\/index.php?rest_route=\/wp\/v2\/users\/12"}],"replies":[{"embeddable":true,"href":"https:\/\/www.cvjm-stgeorgen.de\/cvjm_stg\/index.php?rest_route=%2Fwp%2Fv2%2Fcomments&post=30"}],"version-history":[{"count":42,"href":"https:\/\/www.cvjm-stgeorgen.de\/cvjm_stg\/index.php?rest_route=\/wp\/v2\/pages\/30\/revisions"}],"predecessor-version":[{"id":2894,"href":"https:\/\/www.cvjm-stgeorgen.de\/cvjm_stg\/index.php?rest_route=\/wp\/v2\/pages\/30\/revisions\/2894"}],"up":[{"embeddable":true,"href":"https:\/\/www.cvjm-stgeorgen.de\/cvjm_stg\/index.php?rest_route=\/wp\/v2\/pages\/25"}],"wp:attachment":[{"href":"https:\/\/www.cvjm-stgeorgen.de\/cvjm_stg\/index.php?rest_route=%2Fwp%2Fv2%2Fmedia&parent=30"}],"curies":[{"name":"wp","href":"https:\/\/api.w.org\/{rel}","templated":true}]}}

<p><strong>Seekers:</strong></p>
<p>Die Seekers sind ein wesentlicher Kern unserer Arbeit. 10-15 Jugendliche ab 13 Jahren und junge Erwachsene treffen sich jede Woche Dienstag zwischen 17.30 und 21.00 Uhr in den CVJM-Räumen im ev. Pfarrhaus der Lorenzgemeinde (Hauptstr. 27a).</p>
<p>Seekers essen, reden, spielen, machen Musik, haben Spaß zusammen. Sie pflegen eine wertschätzende Atmosphäre, in der jeder willkommen ist. Sie behandeln Themen aus unserem Alltag, der Bibel und reden darüber, wie beides miteinander zusammenhängt.</p>
<p>Besondere Highlights sind die jährliche Wochenendfreizeit in unserem gemeindeeigenen Freizeitheim Weißloch und die jährliche WG, in der eine normal Schul- und Arbeitswoche in Gemeinderäumen rund um die Uhr miteinander gelebt wird.</p>
<p>Andi Wintermantel und Samantha Lehmann gestalten das Programm.</p>
<p><strong>Bibellesegruppe:</strong></p>
<p>Andreas Wintermantel bietet unseren Jugendlichen am Donnerstag die Möglichkeit gemeinsam in der Bibel zu lesen. Die Gruppe trifft sich alle <strong>zwei</strong> Wochen um 19.00 Uhr für ca. eine Stunde .</p>
<p><strong>Mädelskreis:</strong></p>
<p>In denn Wochen <strong>dazwischen</strong> trifft sich der Mädelskreis nun Donnerstags um 18.00 bis 20.30 Uhr. Samantha Lehmann gestaltet ein Programm mit kreativen Angeboten, viel Zeit zum Quatschen und bereiten kurze Themeneinheiten speziell für Mädels und junge Frauen vor.</p>
<p><strong>In Planung:</strong></p>
<p>Alle 2-3 Wochen samstags wollen wir Jugendlichen zwischen 14 und 16 Jahren zu einem <strong>offenen Angebot</strong> mit Gemeinschaft, Essen, Spielen und einem kurzen Impuls einladen.</p>
<p><strong>Unsere Angebote finden in der Regel im ev. Pfarrhaus in der Hauptstr. 27 a statt.</strong></p>
<p>Bei Interesse bitte zu Samantha Lehmann <strong>Kontakt</strong> aufnehmen:</p>
<p>Handy: 01515-1811377</p>
<p>E-Mail: <a href="mailto:samantha@cvjm-stgeorgen.de">samantha@cvjm-stgeorgen.de</a></p>


<p></p>
