{"id":89,"date":"2011-04-02T20:13:21","date_gmt":"2011-04-02T20:13:21","guid":{"rendered":"http:\/\/www.cvjm-stgeorgen.de\/cvjm_stg\/?page_id=89"},"modified":"2024-02-28T18:26:54","modified_gmt":"2024-02-28T18:26:54","slug":"angebote","status":"publish","type":"page","link":"https:\/\/www.cvjm-stgeorgen.de\/cvjm_stg\/?page_id=89","title":{"rendered":"CVJM-Flohmarkt-Angebote"},"content":{"rendered":"<p><strong>Wir bieten:<\/strong><\/p>\n<ul>\n<li>Almanach v. Schwarzwald-Baar-Kreis komplette Serie von 1977- 2006&gt;&gt;ihr Angebot??<\/li>\n<li>&#8211; Almanach von 1977, 1978, 1979&#8230; die meist gesuchten Jahrg\u00e4nge, ihr Angebot??<\/li>\n<li>&#8211; Kistenweise B\u00fccher\/Schallplatten\/Elektroartikel\/<\/li>\n<\/ul>\n<p><strong>Wir suchen:<\/strong><\/p>\n<p>12 teiliges Kaffeegeschirr komplett und gut erhalten, Briefmarken, Schmuck, Uhren s\u00e4mtlicher Art und Gr\u00f6\u00dfe, Elektroartikel, Geschirr, Besteck, Kupfer und Alu-Teile&#8230;&#8230;&#8230;&#8230;&#8230;&#8230;.<\/p>\n<p>Was wollen sie loswerden?<\/p>\n<p>Was haben sie \u00fcbrig?<\/p>\n<p>Was ist ihnen im Weg und soll einer Wiederverwendung zugef\u00fchrt werden?<\/p>\n<p>Info-Tel. 07724\/1607\u00a0 oder per Mail: g.rosenfelder@t-online.de<\/p>\n","protected":false},"excerpt":{"rendered":"<p>Wir bieten: Almanach v. Schwarzwald-Baar-Kreis komplette Serie von 1977- 2006&gt;&gt;ihr Angebot?? &#8211; Almanach von 1977, 1978, 1979&#8230; die meist gesuchten<\/p>\n","protected":false},"author":12,"featured_media":0,"parent":17,"menu_order":0,"comment_status":"closed","ping_status":"closed","template":"","meta":{"footnotes":""},"class_list":["post-89","page","type-page","status-publish","hentry"],"_links":{"self":[{"href":"https:\/\/www.cvjm-stgeorgen.de\/cvjm_stg\/index.php?rest_route=\/wp\/v2\/pages\/89","targetHints":{"allow":["GET"]}}],"collection":[{"href":"https:\/\/www.cvjm-stgeorgen.de\/cvjm_stg\/index.php?rest_route=\/wp\/v2\/pages"}],"about":[{"href":"https:\/\/www.cvjm-stgeorgen.de\/cvjm_stg\/index.php?rest_route=\/wp\/v2\/types\/page"}],"author":[{"embeddable":true,"href":"https:\/\/www.cvjm-stgeorgen.de\/cvjm_stg\/index.php?rest_route=\/wp\/v2\/users\/12"}],"replies":[{"embeddable":true,"href":"https:\/\/www.cvjm-stgeorgen.de\/cvjm_stg\/index.php?rest_route=%2Fwp%2Fv2%2Fcomments&post=89"}],"version-history":[{"count":14,"href":"https:\/\/www.cvjm-stgeorgen.de\/cvjm_stg\/index.php?rest_route=\/wp\/v2\/pages\/89\/revisions"}],"predecessor-version":[{"id":2483,"href":"https:\/\/www.cvjm-stgeorgen.de\/cvjm_stg\/index.php?rest_route=\/wp\/v2\/pages\/89\/revisions\/2483"}],"up":[{"embeddable":true,"href":"https:\/\/www.cvjm-stgeorgen.de\/cvjm_stg\/index.php?rest_route=\/wp\/v2\/pages\/17"}],"wp:attachment":[{"href":"https:\/\/www.cvjm-stgeorgen.de\/cvjm_stg\/index.php?rest_route=%2Fwp%2Fv2%2Fmedia&parent=89"}],"curies":[{"name":"wp","href":"https:\/\/api.w.org\/{rel}","templated":true}]}}

<p><strong>Wir bieten:</strong></p>
<ul>
<li>Almanach v. Schwarzwald-Baar-Kreis komplette Serie von 1977- 2006&gt;&gt;ihr Angebot??</li>
<li>&#8211; Almanach von 1977, 1978, 1979&#8230; die meist gesuchten Jahrgänge, ihr Angebot??</li>
<li>&#8211; Kistenweise Bücher/Schallplatten/Elektroartikel/</li>
</ul>
<p><strong>Wir suchen:</strong></p>
<p>12 teiliges Kaffeegeschirr komplett und gut erhalten, Briefmarken, Schmuck, Uhren sämtlicher Art und Größe, Elektroartikel, Geschirr, Besteck, Kupfer und Alu-Teile&#8230;&#8230;&#8230;&#8230;&#8230;&#8230;.</p>
<p>Was wollen sie loswerden?</p>
<p>Was haben sie übrig?</p>
<p>Was ist ihnen im Weg und soll einer Wiederverwendung zugeführt werden?</p>
<p>Info-Tel. 07724/1607  oder per Mail: g.rosenfelder@t-online.de</p>
